{"id":71,"date":"2017-03-15T17:08:31","date_gmt":"2017-03-15T16:08:31","guid":{"rendered":"http:\/\/lesgrandschamps.eu\/?page_id=71"},"modified":"2017-03-16T15:23:28","modified_gmt":"2017-03-16T14:23:28","slug":"acces","status":"publish","type":"page","link":"https:\/\/lesgrandschamps.eu\/?page_id=71","title":{"rendered":"Acc\u00e8s"},"content":{"rendered":"<p style=\"text-align: left;\"><span style=\"color: #333333;\">Sur la rocade Sud, en direction de Gap\/Sisteron, sortie n\u00b09 direction Claix village<\/span><\/p>\n<p style=\"text-align: left;\"><span style=\"color: #333333;\">Au 1er rond point prendre 3<\/span><span style=\"color: #333333;\"><sup>\u00e8me<\/sup><\/span><span style=\"color: #333333;\"> sortie \u00e0 gauche, prendre la rue de la Ronzy. <\/span><\/p>\n<p style=\"text-align: left;\"><span style=\"color: #333333;\">Au stop 1 \u00e8re all\u00e9e \u00e0 gauche.<\/span><\/p>\n<p><iframe loading=\"lazy\" style=\"border: 0;\" src=\"https:\/\/www.google.com\/maps\/embed?pb=!1m18!1m12!1m3!1d2815.3594986719277!2d5.676209815693926!3d45.11905036442798!2m3!1f0!2f0!3f0!3m2!1i1024!2i768!4f13.1!3m3!1m2!1s0x478a8c61ad28bc53%3A0x476811dbdbc29aa8!2s4+All%C3%A9e+des+Troenes%2C+38640+Claix!5e0!3m2!1sfr!2sfr!4v1489594579546\" width=\"900\" height=\"550\" frameborder=\"0\" align=\"center\" allowfullscreen=\"allowfullscreen\"><\/iframe><\/p>\n<p>&nbsp;<\/p>\n<p>&nbsp;<\/p>\n","protected":false},"excerpt":{"rendered":"<p>Sur la rocade Sud, en direction de Gap\/Sisteron, sortie n\u00b09 direction Claix village Au 1er rond point prendre 3\u00e8me sortie \u00e0 gauche, prendre la rue de la Ronzy. Au stop 1 \u00e8re all\u00e9e \u00e0 gauche. &nbsp; &nbsp;<\/p>\n","protected":false},"author":1,"featured_media":0,"parent":0,"menu_order":0,"comment_status":"closed","ping_status":"closed","template":"","meta":{"footnotes":""},"class_list":["post-71","page","type-page","status-publish","hentry"],"_links":{"self":[{"href":"https:\/\/lesgrandschamps.eu\/index.php?rest_route=\/wp\/v2\/pages\/71","targetHints":{"allow":["GET"]}}],"collection":[{"href":"https:\/\/lesgrandschamps.eu\/index.php?rest_route=\/wp\/v2\/pages"}],"about":[{"href":"https:\/\/lesgrandschamps.eu\/index.php?rest_route=\/wp\/v2\/types\/page"}],"author":[{"embeddable":true,"href":"https:\/\/lesgrandschamps.eu\/index.php?rest_route=\/wp\/v2\/users\/1"}],"replies":[{"embeddable":true,"href":"https:\/\/lesgrandschamps.eu\/index.php?rest_route=%2Fwp%2Fv2%2Fcomments&post=71"}],"version-history":[{"count":8,"href":"https:\/\/lesgrandschamps.eu\/index.php?rest_route=\/wp\/v2\/pages\/71\/revisions"}],"predecessor-version":[{"id":92,"href":"https:\/\/lesgrandschamps.eu\/index.php?rest_route=\/wp\/v2\/pages\/71\/revisions\/92"}],"wp:attachment":[{"href":"https:\/\/lesgrandschamps.eu\/index.php?rest_route=%2Fwp%2Fv2%2Fmedia&parent=71"}],"curies":[{"name":"wp","href":"https:\/\/api.w.org\/{rel}","templated":true}]}}